et j = -3282 - -4702. Calculate the highest common divisor of j and 8.
4
Suppose -4*r = -24, 47*b - r + 2806 = 52*b. Calculate the highest common factor of 3290 and b.
70
Let g be 50/(-20) + ((-31)/(-2) - 0). Suppose -32*n + 2340 = g*n. Let s be (0 - 0) + (-39)/(-3). What is the highest common divisor of n and s?
13
Let f = -1810 - -2042. What is the highest common factor of f and 184?
8
Let n be 2*(13/(-2) - 3)/(-1). Let d = 23 - n. What is the highest common factor of d and 52?
4
Let c be 214864/4888 + (1 - 180/188). What is the highest common divisor of c and 1331?
11
Suppose -20*t + 52 = -8. Suppose 0 = j + x - 388, 0 = -t*j + x - 821 + 1997. What is the highest common divisor of 17 and j?
17
Let o = -32 + 39. Suppose -445 - 675 = -o*f. Calculate the highest common divisor of 40 and f.
40
Suppose -3*y = 1 - 4. Suppose 2*b + 2*b + 5*r - y = 0, 2*b + r = -1. Let a be (-16)/b*(0 + 1). What is the highest common divisor of 32 and a?
16
Suppose -5*x + 21 + 39 = 0. Let y(a) = 153*a + 3. Let r be y(1). Suppose -11*k + r = 2*k. What is the highest common factor of x and k?
12
Suppose 726*i - 81535 = 45*i - 28*i. What is the greatest common factor of 1679 and i?
23
Suppose -3*q + 5*q + 2*c = 140, 2*q - c - 125 = 0. Suppose q*p - 30 = 60*p. What is the greatest common divisor of 5 and p?
1
Let f(i) = -23*i**2 + 3*i + 2. Let z be f(-4). Let u = z + 549. What is the highest common divisor of 399 and u?
57
Suppose -178*d = -179*d - 2*u + 49, 4*d + u = 196. What is the highest common divisor of 28 and d?
7
Let z = -848 + 854. Calculate the greatest common divisor of z and 1194.
6
Suppose 0 = 2*g - 2*m, -4*g + 3*m = 2 - 3. Let v be 0/(-8) + 89*(-2 + g). Let b = v + 97. What is the highest common divisor of 8 and b?
8
Let f be (-3 - (-99)/3)/1. Let o(k) = -11*k - 260. Let a be o(-25). Calculate the highest common factor of f and a.
15
Suppose 72*b - 70*b = 8. Suppose -236 = -2*j - 4*g, -3*j + 4*j - 4*g - 88 = 0. What is the greatest common factor of b and j?
4
Let l = 18 + -1. Let c = 3825 + -3808. What is the highest common divisor of c and l?
17
Suppose 26*p - 4*j = 24*p + 64, 4*p - 155 = -j. Suppose 57 = 3*o - m, -6*o = -4*o - 3*m - p. Calculate the highest common factor of 304 and o.
19
Let a be ((-51)/5 + 0)*(-68000)/480. What is the greatest common divisor of 153 and a?
17
Suppose 84 = -0*v + 3*v. Let z = 237 - 214. Suppose z = 4*c - q - 92, c - 43 = 5*q. Calculate the greatest common divisor of v and c.
28
Let j = 372 - 368. Let a = -4 - -7. Let y = a + 1. What is the highest common divisor of y and j?
4
Let z = -273 - -330. Let t = z + 31. Calculate the highest common divisor of 33 and t.
11
Suppose 4*x + 3*p - 11 = 0, -10*x + 7*x + 4 = -2*p. Calculate the greatest common factor of x and 134.
2
Let p be 214 - ((-4 - -25) + -12). Calculate the greatest common factor of p and 1435.
205
Suppose -5*l - 17 = -3*k, 7*k - 14 = 3*l + 9*k. Let r be (-1)/l - 12464/(-64). What is the greatest common divisor of r and 15?
15
Let y be (5 - (-38)/(-10))*(-210)/(-21). What is the highest common divisor of 237 and y?
3
Let d(w) = 2*w**3 + 19*w**2 + 3*w + 141. Let m be d(-9). Let q be (4/6)/((-6)/(-117)). What is the highest common divisor of m and q?
13
Suppose 31*c = 26*c - 2*t + 782, 4*c + t = 631. Suppose 3*m - 382 = -3*w + w, -w + 639 = 5*m. What is the highest common factor of m and c?
32
Let w(k) = k**3 + 6*k**2 + 9*k. Let q be w(-6). Let r be (-8)/(-18) + (-1812)/q. Calculate the highest common factor of r and 51.
17
Let l be 0*4/16 + -134. Let h = 200 + l. Let u = h + -44. What is the greatest common divisor of 2 and u?
2
Suppose -4*t = -3*t - 5*w - 216, w = 4*t - 883. Suppose -164 = 5*b + 5*g + 81, 3*g - t = 5*b. Let s = 57 + b. What is the highest common divisor of s and 55?
11
Let b = -35 + 41. Let l(o) = -5*o + 32. Let n be l(b). Let q be (n*3)/((4/27)/2). What is the greatest common factor of 27 and q?
27
Let x be 1/3 + (7 - (-110)/(-15)). Suppose 2*q - 120 = 4*r - 0*r, -5*q - r + 344 = x. What is the highest common factor of 34 and q?
34
Let r be 0 - (14 + -6) - 2. Let a(x) = -5*x - 26. Let i be a(r). Calculate the greatest common divisor of 216 and i.
24
Let g be 9702/(-588)*(-6)/1. What is the highest common factor of g and 2101?
11
Let r(n) = -94*n - 1. Let z be r(2). Let b = z - -202. Calculate the greatest common divisor of b and 312.
13
Let q be (3318/(-30) - -12 - 8)*-5. What is the highest common divisor of 52 and q?
13
Let z(k) = 165*k - 98. Let t be z(3). Let i = 421 - t. Let w be 24*((-3)/2 - -2). Calculate the highest common factor of i and w.
12
Let j(n) = -n**2 - 75*n - 160. Let r be j(-27). Calculate the greatest common divisor of r and 48.
16
Let w be -558*((-264)/231)/(12/14). Calculate the highest common factor of 72 and w.
24
Let c be (-60)/18*(-4 - -1). Let o be c + 1 + 18 + -16. Let t = o - -23. Calculate the greatest common factor of 324 and t.
36
Suppose -4649 = 19*o - 336. Let s = o + 233. What is the highest common divisor of 162 and s?
6
Let a = 87 + -96. Let u be a/((-28)/(-175) - (-2)/(-10)). Calculate the highest common factor of 25 and u.
25
Let d = -87 - -126. Suppose 5*x - 4*h = -d, -10 = 2*x + 3*h + 1. Let k(v) = 6*v**2 + 8*v - 30. Let o be k(x). What is the highest common factor of o and 26?
26
Suppose o - 319 + 783 = r, -4*o + 5*r - 1854 = 0. Let v = -354 - o. Calculate the highest common factor of 32 and v.
16
Let r = 8 - 0. Suppose -3*l + 424 = -3*c - 2*c, -16 = -4*c. Let f = l - 84. What is the highest common divisor of r and f?
8
Let y(r) = -r**3 - 5*r**2 + 11*r - 53. Let w be y(-8). Calculate the highest common divisor of w and 425.
17
Let m be 3 - -2*(-4)/8. Let s(k) = -k**3 - 26*k**2 - 25*k + 38. Let h be s(-25). Calculate the greatest common factor of h and m.
2
Suppose -70*j + 4 = -72*j. Let r(o) = -3*o**3 - 2*o**2 - 3*o - 2. Let p be r(j). Let w = 479 + -299. Calculate the greatest common factor of w and p.
20
Let z(u) = 4158*u + 39. Let v be z(2). Calculate the greatest common factor of 15 and v.
15
Suppose -5*y = z - 27573, z - 126 = -123. Calculate the highest common factor of 6 and y.
6
Let f(h) = -20*h - 104. Let r be f(-14). Let q = 153 - 65. What is the greatest common factor of r and q?
88
Let j(z) = -3*z + 257. Let p be j(69). Calculate the greatest common factor of p and 6080.
10
Suppose -2*t + 5*a - 52 = -13, 49 = -2*t - 5*a. Let h(q) = -469*q + 3. Let f be h(7). Let c be t/143 + f/(-26). What is the highest common divisor of 14 and c?
14
Let m = -2085 - -2245. Let f(q) = -q**3 + 3*q**2 + 1. Let i be f(2). Calculate the highest common factor of i and m.
5
Let v(c) = -3*c**2 + 304*c - 82. Let d be v(101). Calculate the greatest common factor of d and 26.
1
Let l = 31140 - 30956. What is the highest common factor of l and 37260?
92
Let x = 18936 + -12780. What is the highest common factor of 19 and x?
19
Suppose -2*t - 183 = -5*r, 3*t = r - t - 51. Let n = 7 + -19. Let d be (-3*(-7)/n)/(1/(-4)). What is the greatest common divisor of d and r?
7
Let k be 0 - 5/(-3) - (-2201)/213. What is the greatest common factor of k and 1500?
12
Let c(l) = -16 + 3 + 6 - 12*l - 1. Let j be c(-9). Let t = j - 65. Calculate the greatest common divisor of t and 5.
5
Let a(n) = 4*n - 1. Let v be a(1). Let m(d) = d + v + 17 - 4*d - 2*d + d**2. Let f be m(8). Calculate the highest common factor of f and 4.
4
Suppose 2160 = 2*q - 5*c, -3*c + 0*c = 5*q - 5400. Suppose q = 31*j + 150. What is the highest common factor of j and 140?
10
Let m(k) = -5*k**2 + 3*k. Let y be m(1). Let q be (-4 - y)/(3*1/(-9)). What is the highest common factor of 15 and q?
3
Suppose 121 + 49 = 10*f. Suppose -48 = 11*k - f*k. Suppose k*s - 4*s = 40. Calculate the greatest common divisor of 25 and s.
5
Let v be (-404630)/(-1075) + 2 + 14/(-10). Calculate the greatest common factor of 232 and v.
29
Let l = -52 - -5. Suppose 4*m - 3127 = -3291. Let d = m - l. What is the highest common divisor of d and 4?
2
Let n be ((-6)/4)/(186/(-168) - -1). Suppose -n*g - 124 = -1062. What is the greatest common factor of 871 and g?
67
Suppose 2*p - 56*l = -53*l + 69, 0 = -3*l + 27. What is the highest common divisor of p and 33192?
24
Suppose 0 = 4*c + 28 - 108. Suppose -4*j = -337 - 83. Let o = j + -103. Calculate the greatest common divisor of o and c.
2